 is 122210 + -10?
122200
In base 14, what is 36d - -1?
370
In base 16, what is 3 - -f?
12
In base 5, what is -23320 - -3?
-23312
In base 12, what is -3 - -102?
bb
In base 15, what is -865 + 3?
-862
In base 16, what is -1d3 + -1?
-1d4
In base 6, what is 2 - 40?
-34
In base 4, what is 10223 - -10?
10233
In base 6, what is 2002 - 12?
1550
In base 10, what is -20256 + 2?
-20254
In base 5, what is 1 - 22312?
-22311
In base 6, what is -3 + -15314?
-15321
In base 11, what is 11 - 13?
-2
In base 4, what is 0 + -312?
-312
In base 7, what is 2011 - -1?
2012
In base 14, what is -2 + -260?
-262
In base 16, what is 2 + 2b?
2d
In base 7, what is 2216 - 4?
2212
In base 8, what is -20 + -765?
-1005
In base 12, what is 12 + -22?
-10
In base 7, what is -12050 - 3?
-12053
In base 9, what is 606 - 2?
604
In base 13, what is -175a + 1?
-1759
In base 9, what is 235 - -5?
241
In base 13, what is a7 - 2?
a5
In base 3, what is 11220021 + 10?
11220101
In base 6, what is 125 - -1144?
1313
In base 8, what is 43 + -10?
33
In base 8, what is 13 - 47?
-34
In base 3, what is -10 - -1120112?
1120102
In base 8, what is -15 - 6?
-23
In base 16, what is 8b + -5?
86
In base 2, what is 100 + -10100110001?
-10100101101
In base 14, what is -84 + 0?
-84
In base 8, what is -30406 - 3?
-30411
In base 13, what is 946 + -2?
944
In base 2, what is 10100101100100 - 1?
10100101100011
In base 16, what is 6 - -23?
29
In base 7, what is 6133 - 20?
6113
In base 15, what is 2 - -245?
247
In base 12, what is -3 - -148?
145
In base 15, what is c - 18?
-b
In base 4, what is -3212 + -11?
-3223
In base 5, what is -1221 - 0?
-1221
In base 8, what is 1 - -357?
360
In base 16, what is -5 + -6a?
-6f
In base 16, what is -d - -4?
-9
In base 16, what is -6 + 5?
-1
In base 13, what is 0 - -101?
101
In base 6, what is 31 - -324?
355
In base 11, what is -2 + 47?
45
In base 4, what is -102 - -203?
101
In base 5, what is -114 - -3?
-111
In base 11, what is 60 - -153?
203
In base 12, what is 0 - 16?
-16
In base 7, what is -254 - 466?
-1053
In base 12, what is 7 - -112?
119
In base 6, what is -125 - 0?
-125
In base 8, what is 23 - 1?
22
In base 9, what is -40 - 31?
-71
In base 14, what is 11 - 21?
-10
In base 13, what is 2956 + -4?
2952
In base 6, what is -5 + -43?
-52
In base 12, what is -5 - -2b25?
2b20
In base 13, what is 70 + -2?
6b
In base 13, what is -170 - -6?
-167
In base 15, what is -18 - 167?
-180
In base 11, what is 6 - -48?
53
In base 16, what is -6 + -3?
-9
In base 13, what is 343 + -5?
33b
In base 6, what is 13 + 1514?
1531
In base 7, what is -1 - -245?
244
In base 5, what is 102 + -3?
44
In base 3, what is -11211 + 2012?
-2122
In base 6, what is 313 + -145?
124
In base 11, what is 2 - 1544?
-1542
In base 16, what is b + -12?
-7
In base 9, what is -6 + 12704?
12687
In base 10, what is 23 - -31?
54
In base 14, what is 0 + -2?
-2
In base 15, what is 15 + 116?
12b
In base 4, what is 133202 + -1?
133201
In base 11, what is -1 - -4514?
4513
In base 13, what is -3 - -6?
3
In base 3, what is 2 + -100222?
-100220
In base 7, what is -62 + -5?
-100
In base 15, what is 2 + b8?
ba
In base 8, what is -2 + -1203?
-1205
In base 12, what is 15 + 4?
19
In base 15, what is 421 + -5?
41b
In base 16, what is 4 - -196?
19a
In base 5, what is 1210 + -4?
1201
In base 12, what is 29 - -29?
56
In base 16, what is 7da - 0?
7da
In base 7, what is 50 + 265?
345
In base 6, what is -14 + 11?
-3
In base 15, what is -1 + -c82?
-c83
In base 12, what is 3 - a?
-7
In base 7, what is -134 + -4?
-141
In base 7, what is 1114 - 4?
1110
In base 8, what is -122 + 6?
-114
In base 14, what is -3 - 4b?
-50
In base 15, what is 20 + 91?
b1
In base 2, what is -100 - 1011000?
-1011100
In base 2, what is 11 + 1001?
1100
In base 13, what is -9b71 + 2?
-9b6c
In base 14, what is -aa + -5?
-b1
In base 8, what is -67 + -212?
-301
In base 10, what is 3 + -170?
-167
In base 13, what is 83 - -3b?
c1
In base 3, what is 112 + -22210?
-22021
In base 6, what is 2515 - -4?
2523
In base 16, what is 13 + -12?
1
In base 15, what is -6e9 + -5?
-6ee
In base 13, what is -30 + 2?
-2b
In base 11, what is -16 - 6?
-21
In base 2, what is -101 - 101000110?
-101001011
In base 13, what is 66 - 67?
-1
In base 6, what is 4431 + -12?
4415
In base 12, what is -8 - -24?
18
In base 4, what is 30120 - -3?
30123
In base 5, what is -2001 + -10?
-2011
In base 16, what is 1 - -33?
34
In base 2, what is 100 + 1010?
1110
In base 6, what is 1432 - -1?
1433
In base 15, what is 3 - 151?
-14d
In base 7, what is 3 - 16?
-13
In base 13, what is -5 + 21?
19
In base 10, what is -52 + 6?
-46
In base 7, what is -5 + -1101?
-1106
In base 4, what is -221012 + 3?
-221003
In base 16, what is 4 - -38?
3c
In base 7, what is -3 + 302?
266
In base 16, what is 54 + 4?
58
In base 3, what is 11 + 12022?
12110
In base 11, what is -10 - -8a?
7a
In base 9, what is 3 - 54?
-51
In base 5, what is 44 + 14?
113
In base 3, what is -221 + -22021?
-100012
In base 11, what is 17 + 117?
133
In base 12, what is b6b2 + 3?
b6b5
In base 2, what is -1011001111 - 101?
-1011010100
In base 16, what is -25 - 3?
-28
In base 9, what is 16 + 28?
45
In base 15, what is 28 + 92?
ba
In base 9, what is -47 - 3?
-51
In base 9, what is -5 - -2358?
2353
In base 3, what is 1221 + 12?
2010
In base 9, what is 1180 + -4?
1175
In base 14, what is 1 - -15?
16
In base 16, what is 5f + 7?
66
In base 3, what is 210 - -122020?
200000
In base 8, what is 5 + 166?
173
In base 2, what is -11 - -1011?
1000
In base 12, what is -63 + 2?
-61
In base 8, what is 2 + 5167?
5171
In base 15, what is 3e5 + 3?
3e8
In base 3, what is -11211 - -11?
-11200
In base 2, what is -11010101 - -100?
-11010001
In base 6, what is -4 - 314?
-322
In base 7, what is 123 + 1?
124
In base 5, what is 0 - -231?
231
In base 4, what is 1 + -122?
-121
In base 3, what is -22 - 102112?
-102211
In base 5, what is 10013 - -11?
10024
In base 15, what is -3de - -1?
-3dd
In base 11, what is 19 - -11?
2a
In base 6, what is -324 - 5?
-333
In base 12, what is 0 + 52?
52
In base 3, what is -222211 + -12?
-1000000
In base 3, what is 12 + -211?
-122
In base 16, what is 31d + 5?
322
In base 6, what is 1 + 54?
55
In base 7, what is 242 + 1?
243
In base 5, what is -2 - 23430?
-23432
In base 4, what is 112 - 10?
102
In base 12, what is -2 - 1091?
-1093
In base 6, what is 31 + -24?
3
In base 13, what is -cc8c + -3?
-cc92
In base 3, what is -10 - 201202?
-201212
In base 5, what is 21220 - 3?
21212
In base 2, what is 1000 - -11110?
100110
In base 2, what is 111110011 - -100?
111110111
In base 6, what is 1014 - 5?
1005
In base 2, what is 110011000010 + 101?
110011000111
In base 8, what is 2 + -3?
-1
In base 3, what is -20002 - -1?
-20001
In base 10, what is 450 - -2?
452
In base 6, what is -4005 + 1?
-4004
In base 16, what is 1 - -12d?
12e
In base 14, what is 1439 + 2?
143b
In base 4, what is 10 - -1203?
1213
In base 11, what is 105 + -33?
82
In base 14, what is 0 + 2cd?
2cd
In base 8, what is 5 - 253?
-246
In base 10, what is 5 + 182?
187
In base 5, what is 4 + 133?
142
In base 13, what is 1 + -56?
-55
In base 7, what is -1521 - 2?
-1523
In base 6, what is 1053 - 50?
1003
In base 10, what is -4 + -583?
-587
In base 14, what is -5 - -1d?
18
In base 6, what is 34 - -2021?
2055
In base 4, what is -2111 + -202?
-2313
In base 6, what is 11502 + 5?
11511
In base 5, what is -1234 + -2?
-1241
In base 3, what is -22 - 2001222?
-2002021
In base 4, what is 11 - -12321?
12332
In base 10, what is 5 + 140?
145
In base 11, what is 4 - -454?
458
In base 14, what is -91 - -c?
-83
In base 12, what is 3962 - -6?
3968
In base 9, what is 2 - 176?
-174
In base 6, what is -21142 - -2?
-21140
In base 6, what is -41 - 2?
-43
In base 3, what is 10 + 10?
20
In base 13, what is -7 - a2?
-a9
In base 8, what is -257 - -25?
-232
In base 15, what is 95 - 3?
92
In base 12, what is -5 - -6a?
65
In base 5, what is -3 + 141?
133
In base 7, what is 0 + 12234?
12234
In base 13, what is 0 + -1a8?
-1a8
In base 2, what is -100101010 - -1?
-100101001
In base 6, what is -3 - -25?
22
In base 13, what is -c5 - -20?
-a5
In base 13, what is 1bc - 0?
1bc
In base 16, what is 2 - 11c0?
-11be
In base 7, what is -6 + -353?
-362
In base 8, what is 207 - -25?
234
In base 7, what is -44 + 4?
-40
In base 15, what is -10 + a?
-5
In base 16, what is -8 + 